Last updated on 2024-06-14 00:53:37 CEST.
Flavor | Version | Tinstall | Tcheck | Ttotal | Status | Flags |
---|---|---|---|---|---|---|
r-devel-linux-x86_64-debian-clang | 1.2.1 | 3.94 | 28.62 | 32.56 | NOTE | |
r-devel-linux-x86_64-debian-gcc | 1.2.1 | 3.41 | 22.13 | 25.54 | NOTE | |
r-devel-linux-x86_64-fedora-clang | 1.2.1 | 42.32 | NOTE | |||
r-devel-linux-x86_64-fedora-gcc | 1.2.1 | 39.67 | NOTE | |||
r-devel-windows-x86_64 | 1.2.1 | 7.00 | 45.00 | 52.00 | NOTE | |
r-patched-linux-x86_64 | 1.2.1 | 4.29 | 27.25 | 31.54 | NOTE | |
r-release-linux-x86_64 | 1.2.1 | 4.37 | 27.40 | 31.77 | NOTE | |
r-release-macos-arm64 | 1.2.1 | 18.00 | NOTE | |||
r-release-macos-x86_64 | 1.2.1 | 32.00 | NOTE | |||
r-release-windows-x86_64 | 1.2.1 | 7.00 | 47.00 | 54.00 | NOTE | |
r-oldrel-macos-arm64 | 1.2.1 | 18.00 | NOTE | |||
r-oldrel-macos-x86_64 | 1.2.1 | 24.00 | NOTE | |||
r-oldrel-windows-x86_64 | 1.2.1 | 6.00 | 45.00 | 51.00 | NOTE |
Version: 1.2.1
Check: LazyData
Result: NOTE
'LazyData' is specified without a 'data' directory
Flavors: r-devel-linux-x86_64-debian-clang, r-devel-linux-x86_64-debian-gcc, r-devel-linux-x86_64-fedora-clang, r-devel-linux-x86_64-fedora-gcc, r-devel-windows-x86_64, r-patched-linux-x86_64, r-release-linux-x86_64, r-release-macos-arm64, r-release-macos-x86_64, r-release-windows-x86_64, r-oldrel-macos-arm64, r-oldrel-macos-x86_64, r-oldrel-windows-x86_64
Version: 1.2.1
Check: package dependencies
Result: NOTE
Package suggested but not available for checking: ‘pbdMPI’
Flavors: r-release-macos-arm64, r-release-macos-x86_64, r-oldrel-macos-arm64, r-oldrel-macos-x86_64