CRAN Package Check Results for Package CTTinShiny

Last updated on 2025-07-04 00:50:00 CEST.

Flavor Version Tinstall Tcheck Ttotal Status Flags
r-devel-linux-x86_64-debian-clang 0.1.0 4.13 31.15 35.28 NOTE
r-devel-linux-x86_64-debian-gcc 0.1.0 2.87 24.69 27.56 NOTE
r-devel-linux-x86_64-fedora-clang 0.1.0 57.96 OK
r-devel-linux-x86_64-fedora-gcc 0.1.0 52.91 OK
r-devel-windows-x86_64 0.1.0 5.00 46.00 51.00 OK
r-patched-linux-x86_64 0.1.0 3.89 30.59 34.48 OK
r-release-linux-x86_64 0.1.0 3.99 30.06 34.05 OK
r-release-macos-arm64 0.1.0 22.00 OK
r-release-macos-x86_64 0.1.0 38.00 OK
r-release-windows-x86_64 0.1.0 5.00 49.00 54.00 OK
r-oldrel-macos-arm64 0.1.0 21.00 NOTE
r-oldrel-macos-x86_64 0.1.0 30.00 NOTE
r-oldrel-windows-x86_64 0.1.0 7.00 57.00 64.00 NOTE

Check Details

Version: 0.1.0
Check: CRAN incoming feasibility
Result: NOTE Maintainer: ‘John T. Willse <jtwillse@uncg.edu>’ No Authors@R field in DESCRIPTION. Please add one, modifying Authors@R: person(given = c("John", "T."), family = "Willse", role = c("aut", "cre"), email = "jtwillse@uncg.edu") as necessary. Flavors: r-devel-linux-x86_64-debian-clang, r-devel-linux-x86_64-debian-gcc

Version: 0.1.0
Check: LazyData
Result: NOTE 'LazyData' is specified without a 'data' directory Flavors: r-oldrel-macos-arm64, r-oldrel-macos-x86_64, r-oldrel-windows-x86_64