Last updated on 2025-11-03 12:49:49 CET.
| Flavor | Version | Tinstall | Tcheck | Ttotal | Status | Flags | 
|---|---|---|---|---|---|---|
| r-devel-linux-x86_64-debian-clang | 1.0.0 | 6.66 | 132.40 | 139.06 | NOTE | |
| r-devel-linux-x86_64-debian-gcc | 1.0.0 | 4.70 | 98.32 | 103.02 | NOTE | |
| r-devel-linux-x86_64-fedora-clang | 1.0.0 | 17.00 | 199.67 | 216.67 | OK | |
| r-devel-linux-x86_64-fedora-gcc | 1.0.0 | 13.00 | 191.58 | 204.58 | OK | |
| r-devel-windows-x86_64 | 1.0.0 | 8.00 | 183.00 | 191.00 | OK | |
| r-patched-linux-x86_64 | 1.0.0 | 6.60 | 123.08 | 129.68 | OK | |
| r-release-linux-x86_64 | 1.0.0 | 5.72 | 122.85 | 128.57 | OK | |
| r-release-macos-arm64 | 1.0.0 | 3.00 | 76.00 | 79.00 | OK | |
| r-release-macos-x86_64 | 1.0.0 | 6.00 | 165.00 | 171.00 | OK | |
| r-release-windows-x86_64 | 1.0.0 | 7.00 | 178.00 | 185.00 | OK | |
| r-oldrel-macos-arm64 | 1.0.0 | 3.00 | 73.00 | 76.00 | OK | |
| r-oldrel-macos-x86_64 | 1.0.0 | 4.00 | 123.00 | 127.00 | OK | |
| r-oldrel-windows-x86_64 | 1.0.0 | 9.00 | 226.00 | 235.00 | OK | 
Version: 1.0.0
Check: CRAN incoming feasibility
Result: NOTE
  Maintainer: ‘Stefanie Krügel <stefanie.kruegel@gmail.com>’
  
  No Authors@R field in DESCRIPTION.
  Please add one, modifying
    Authors@R: c(person(given = "Stefanie",
                        family = "Krügel",
                        role = c("aut", "cre"),
                        email = "stefanie.kruegel@gmail.com"),
                 person(given = c("Alessandra", "R."),
                        family = "Brazzale"),
                 person(role = "aut"),
                 person(given = "Helmut",
                        family = "Kuechenhoff",
                        role = "aut"))
  as necessary.
Flavors: r-devel-linux-x86_64-debian-clang, r-devel-linux-x86_64-debian-gcc