Last updated on 2025-11-03 12:49:47 CET.
| Flavor | Version | Tinstall | Tcheck | Ttotal | Status | Flags | 
|---|---|---|---|---|---|---|
| r-devel-linux-x86_64-debian-clang | 0.1.1 | 141.29 | 143.46 | 284.75 | OK | |
| r-devel-linux-x86_64-debian-gcc | 0.1.1 | 123.74 | 110.39 | 234.13 | OK | |
| r-devel-linux-x86_64-fedora-clang | 0.1.1 | 303.00 | 136.52 | 439.52 | NOTE | |
| r-devel-linux-x86_64-fedora-gcc | 0.1.1 | 361.00 | 148.04 | 509.04 | NOTE | |
| r-devel-windows-x86_64 | 0.1.1 | 157.00 | 157.00 | 314.00 | OK | |
| r-patched-linux-x86_64 | 0.1.1 | 162.27 | 149.41 | 311.68 | OK | |
| r-release-linux-x86_64 | 0.1.1 | 168.18 | 148.22 | 316.40 | OK | |
| r-release-macos-arm64 | 0.1.1 | 58.00 | 49.00 | 107.00 | OK | |
| r-release-macos-x86_64 | 0.1.1 | 135.00 | 104.00 | 239.00 | OK | |
| r-release-windows-x86_64 | 0.1.1 | 149.00 | 153.00 | 302.00 | OK | |
| r-oldrel-macos-arm64 | 0.1.1 | 30.00 | 34.00 | 64.00 | NOTE | |
| r-oldrel-macos-x86_64 | 0.1.1 | 59.00 | 55.00 | 114.00 | NOTE | |
| r-oldrel-windows-x86_64 | 0.1.1 | 188.00 | 203.00 | 391.00 | NOTE | 
Version: 0.1.1
Check: dependencies in R code
Result: NOTE
  Namespace in Imports field not imported from: ‘rstantools’
    All declared Imports should be used.
Flavors: r-devel-linux-x86_64-fedora-clang, r-devel-linux-x86_64-fedora-gcc
Version: 0.1.1
Check: installed package size
Result: NOTE
    installed size is 49.1Mb
    sub-directories of 1Mb or more:
      libs  48.8Mb
Flavors: r-oldrel-macos-arm64, r-oldrel-macos-x86_64
Version: 0.1.1
Check: for GNU extensions in Makefiles
Result: NOTE
  GNU make is a SystemRequirements.
Flavors: r-oldrel-macos-arm64, r-oldrel-macos-x86_64, r-oldrel-windows-x86_64