Last updated on 2025-10-21 00:49:55 CEST.
Flavor | Version | Tinstall | Tcheck | Ttotal | Status | Flags |
---|---|---|---|---|---|---|
r-devel-linux-x86_64-debian-clang | 3.0 | 3.02 | 51.82 | 54.84 | NOTE | |
r-devel-linux-x86_64-debian-gcc | 3.0 | 2.27 | 37.23 | 39.50 | NOTE | |
r-devel-linux-x86_64-fedora-clang | 3.0 | 83.25 | OK | |||
r-devel-linux-x86_64-fedora-gcc | 3.0 | 81.40 | OK | |||
r-devel-windows-x86_64 | 3.0 | 4.00 | 77.00 | 81.00 | OK | |
r-patched-linux-x86_64 | 3.0 | 3.20 | 52.32 | 55.52 | OK | |
r-release-linux-x86_64 | 3.0 | 2.71 | 52.45 | 55.16 | OK | |
r-release-macos-arm64 | 3.0 | 38.00 | OK | |||
r-release-macos-x86_64 | 3.0 | 62.00 | OK | |||
r-release-windows-x86_64 | 3.0 | 5.00 | 83.00 | 88.00 | OK | |
r-oldrel-macos-arm64 | 3.0 | 35.00 | OK | |||
r-oldrel-macos-x86_64 | 3.0 | 52.00 | OK | |||
r-oldrel-windows-x86_64 | 3.0 | 4.00 | 75.00 | 79.00 | OK |
Version: 3.0
Check: CRAN incoming feasibility
Result: NOTE
Maintainer: ‘Rahim Alhamzawi (University of Al-Qadisiyah) <rahim.alhamzawi@qu.edu.iq>’
No Authors@R field in DESCRIPTION.
Please add one, modifying
Authors@R: person(given = "Rahim",
family = "Alhamzawi",
role = c("aut", "cre"),
email = "rahim.alhamzawi@qu.edu.iq")
as necessary.
Flavors: r-devel-linux-x86_64-debian-clang, r-devel-linux-x86_64-debian-gcc
Version: 3.0
Check: HTML version of manual
Result: NOTE
Found the following HTML validation problems:
model.html:45:1 (model.Rd:13): Warning: missing </ul> before </div>
plot.Brq.html:83:1 (plot.Brq.Rd:19): Warning: missing </ul> before </div>
Flavor: r-devel-linux-x86_64-debian-gcc