Last updated on 2025-11-03 12:49:47 CET.
| Flavor | Version | Tinstall | Tcheck | Ttotal | Status | Flags | 
|---|---|---|---|---|---|---|
| r-devel-linux-x86_64-debian-clang | 0.2.1 | 4.10 | 33.44 | 37.54 | NOTE | |
| r-devel-linux-x86_64-debian-gcc | 0.2.1 | 2.82 | 26.40 | 29.22 | NOTE | |
| r-devel-linux-x86_64-fedora-clang | 0.2.1 | 13.00 | 41.91 | 54.91 | OK | |
| r-devel-linux-x86_64-fedora-gcc | 0.2.1 | OK | ||||
| r-devel-windows-x86_64 | 0.2.1 | 4.00 | 48.00 | 52.00 | OK | |
| r-patched-linux-x86_64 | 0.2.1 | 3.77 | 31.58 | 35.35 | OK | |
| r-release-linux-x86_64 | 0.2.1 | 3.04 | 31.60 | 34.64 | OK | |
| r-release-macos-arm64 | 0.2.1 | 2.00 | 23.00 | 25.00 | OK | |
| r-release-macos-x86_64 | 0.2.1 | 3.00 | 29.00 | 32.00 | OK | |
| r-release-windows-x86_64 | 0.2.1 | 5.00 | 50.00 | 55.00 | OK | |
| r-oldrel-macos-arm64 | 0.2.1 | 2.00 | 19.00 | 21.00 | OK | |
| r-oldrel-macos-x86_64 | 0.2.1 | 5.00 | 31.00 | 36.00 | OK | |
| r-oldrel-windows-x86_64 | 0.2.1 | 8.00 | 58.00 | 66.00 | OK | 
Version: 0.2.1
Check: CRAN incoming feasibility
Result: NOTE
  Maintainer: ‘Yan Zhao <yanzhao3@illinois.edu>’
  
  No Authors@R field in DESCRIPTION.
  Please add one, modifying
    Authors@R: c(person(given = "Smruti",
                        family = "Padhy",
                        role = "aut"),
                 person(given = "Rob",
                        family = "Kooper",
                        role = "aut"),
                 person(given = "Yan",
                        family = "Zhao",
                        role = c("aut", "cre"),
                        email = "yanzhao3@illinois.edu"))
  as necessary.
Flavors: r-devel-linux-x86_64-debian-clang, r-devel-linux-x86_64-debian-gcc