Last updated on 2025-07-04 00:49:59 CEST.
Flavor | Version | Tinstall | Tcheck | Ttotal | Status | Flags |
---|---|---|---|---|---|---|
r-devel-linux-x86_64-debian-clang | 0.2.1 | 115.77 | 152.59 | 268.36 | NOTE | |
r-devel-linux-x86_64-debian-gcc | 0.2.1 | 74.40 | 94.91 | 169.31 | NOTE | |
r-devel-linux-x86_64-fedora-clang | 0.2.1 | 431.67 | NOTE | |||
r-devel-linux-x86_64-fedora-gcc | 0.2.1 | 438.22 | NOTE | |||
r-devel-windows-x86_64 | 0.2.1 | 121.00 | 160.00 | 281.00 | NOTE | |
r-patched-linux-x86_64 | 0.2.1 | 122.20 | 157.21 | 279.41 | NOTE | |
r-release-linux-x86_64 | 0.2.1 | 110.62 | 153.54 | 264.16 | NOTE | |
r-release-macos-arm64 | 0.2.1 | 144.00 | NOTE | |||
r-release-macos-x86_64 | 0.2.1 | 360.00 | NOTE | |||
r-release-windows-x86_64 | 0.2.1 | 125.00 | 157.00 | 282.00 | NOTE | |
r-oldrel-macos-arm64 | 0.2.1 | 132.00 | OK | |||
r-oldrel-macos-x86_64 | 0.2.1 | 198.00 | OK | |||
r-oldrel-windows-x86_64 | 0.2.1 | 161.00 | 185.00 | 346.00 | OK |
Version: 0.2.1
Check: DESCRIPTION meta-information
Result: NOTE
Missing dependency on R >= 4.1.0 because package code uses the pipe
|> or function shorthand \(...) syntax added in R 4.1.0.
File(s) using such syntax:
‘get_sinesp_data.R’ ‘get_sinesp_vde_data.R’
Flavors: r-devel-linux-x86_64-debian-clang, r-devel-linux-x86_64-debian-gcc, r-devel-linux-x86_64-fedora-clang, r-devel-linux-x86_64-fedora-gcc, r-devel-windows-x86_64, r-patched-linux-x86_64, r-release-linux-x86_64, r-release-macos-arm64, r-release-macos-x86_64, r-release-windows-x86_64