Last updated on 2024-08-17 02:48:09 CEST.
Flavor | Version | Tinstall | Tcheck | Ttotal | Status | Flags |
---|---|---|---|---|---|---|
r-devel-linux-x86_64-debian-clang | 1.0.5 | 9.02 | 62.70 | 71.72 | NOTE | |
r-devel-linux-x86_64-debian-gcc | 1.0.5 | 6.45 | 46.66 | 53.11 | NOTE | |
r-devel-linux-x86_64-fedora-clang | 1.0.5 | 114.24 | OK | |||
r-devel-linux-x86_64-fedora-gcc | 1.0.5 | 106.65 | OK | |||
r-devel-windows-x86_64 | 1.0.5 | 8.00 | 80.00 | 88.00 | NOTE | |
r-patched-linux-x86_64 | 1.0.5 | 11.77 | 58.37 | 70.14 | OK | |
r-release-linux-x86_64 | 1.0.5 | 8.03 | 59.33 | 67.36 | OK | |
r-release-macos-arm64 | 1.0.5 | 40.00 | OK | |||
r-release-macos-x86_64 | 1.0.5 | 63.00 | OK | |||
r-release-windows-x86_64 | 1.0.5 | 8.00 | 71.00 | 79.00 | OK | |
r-oldrel-macos-arm64 | 1.0.5 | 41.00 | OK | |||
r-oldrel-macos-x86_64 | 1.0.5 | 66.00 | OK | |||
r-oldrel-windows-x86_64 | 1.0.5 | 11.00 | 85.00 | 96.00 | OK |
Version: 1.0.5
Check: Rd cross-references
Result: NOTE
Found the following Rd file(s) with Rd \link{} targets missing package
anchors:
graphoptBbd.Rd: igraph
Please provide package anchors for all Rd \link{} targets not in the
package itself and the base packages.
Flavors: r-devel-linux-x86_64-debian-clang, r-devel-linux-x86_64-debian-gcc, r-devel-windows-x86_64