Last updated on 2025-11-03 12:49:47 CET.
| Flavor | Version | Tinstall | Tcheck | Ttotal | Status | Flags | 
|---|---|---|---|---|---|---|
| r-devel-linux-x86_64-debian-clang | 1.0.5 | 2.90 | 36.15 | 39.05 | NOTE | |
| r-devel-linux-x86_64-debian-gcc | 1.0.5 | 2.02 | 28.31 | 30.33 | NOTE | |
| r-devel-linux-x86_64-fedora-clang | 1.0.5 | 23.00 | 40.63 | 63.63 | OK | |
| r-devel-linux-x86_64-fedora-gcc | 1.0.5 | 55.56 | OK | |||
| r-devel-windows-x86_64 | 1.0.5 | 4.00 | 52.00 | 56.00 | OK | |
| r-patched-linux-x86_64 | 1.0.5 | 2.95 | 33.55 | 36.50 | OK | |
| r-release-linux-x86_64 | 1.0.5 | 2.58 | 34.30 | 36.88 | OK | |
| r-release-macos-arm64 | 1.0.5 | 2.00 | 22.00 | 24.00 | OK | |
| r-release-macos-x86_64 | 1.0.5 | 3.00 | 31.00 | 34.00 | OK | |
| r-release-windows-x86_64 | 1.0.5 | 4.00 | 50.00 | 54.00 | OK | |
| r-oldrel-macos-arm64 | 1.0.5 | 1.00 | 20.00 | 21.00 | OK | |
| r-oldrel-macos-x86_64 | 1.0.5 | 3.00 | 29.00 | 32.00 | OK | |
| r-oldrel-windows-x86_64 | 1.0.5 | 5.00 | 62.00 | 67.00 | NOTE | 
Version: 1.0.5
Check: CRAN incoming feasibility
Result: NOTE
  Maintainer: ‘Scott Ritchie <sritchie73@gmail.com>’
  
  No Authors@R field in DESCRIPTION.
  Please add one, modifying
    Authors@R: c(person(given = c("Qin", "Qin"),
                        family = "Huang",
                        role = "aut"),
                 person(given = "Scott",
                        family = "Ritchie",
                        role = c("aut", "cre"),
                        email = "sritchie73@gmail.com"))
  as necessary.
Flavors: r-devel-linux-x86_64-debian-clang, r-devel-linux-x86_64-debian-gcc
Version: 1.0.5
Check: package dependencies
Result: NOTE
  Package suggested but not available for checking: 'doMC'
Flavor: r-oldrel-windows-x86_64