Last updated on 2024-06-14 00:53:36 CEST.
Flavor | Version | Tinstall | Tcheck | Ttotal | Status | Flags |
---|---|---|---|---|---|---|
r-devel-linux-x86_64-debian-clang | 1.2.6 | 63.82 | 121.47 | 185.29 | OK | |
r-devel-linux-x86_64-debian-gcc | 1.2.6 | 42.53 | 49.85 | 92.38 | ERROR | |
r-devel-linux-x86_64-fedora-clang | 1.2.6 | 228.91 | NOTE | |||
r-devel-linux-x86_64-fedora-gcc | 1.2.6 | 240.94 | OK | |||
r-devel-windows-x86_64 | 1.2.6 | 49.00 | 199.00 | 248.00 | OK | |
r-patched-linux-x86_64 | 1.2.6 | 83.75 | 115.98 | 199.73 | OK | |
r-release-linux-x86_64 | 1.2.6 | 72.16 | 118.61 | 190.77 | OK | |
r-release-macos-arm64 | 1.2.6 | 70.00 | NOTE | |||
r-release-macos-x86_64 | 1.2.6 | 91.00 | NOTE | |||
r-release-windows-x86_64 | 1.2.6 | 51.00 | 202.00 | 253.00 | OK | |
r-oldrel-macos-arm64 | 1.2.6 | 73.00 | NOTE | |||
r-oldrel-macos-x86_64 | 1.2.6 | 150.00 | NOTE | |||
r-oldrel-windows-x86_64 | 1.2.6 | 58.00 | 225.00 | 283.00 | OK |
Version: 1.2.6
Check: package dependencies
Result: NOTE
Packages suggested but not available for checking: 'testthat', 'igraph'
Flavor: r-devel-linux-x86_64-debian-gcc
Version: 1.2.6
Check: tests
Result: ERROR
Running ‘testthat.R’ [0s/0s]
Running the tests in ‘tests/testthat.R’ failed.
Complete output:
> library(testthat)
Error in library(testthat) : there is no package called 'testthat'
Execution halted
Flavor: r-devel-linux-x86_64-debian-gcc
Version: 1.2.6
Check: installed package size
Result: NOTE
installed size is 6.2Mb
sub-directories of 1Mb or more:
libs 5.6Mb
Flavors: r-devel-linux-x86_64-fedora-clang, r-release-macos-arm64, r-release-macos-x86_64, r-oldrel-macos-arm64, r-oldrel-macos-x86_64