Last updated on 2024-07-18 01:55:27 CEST.
Flavor | Version | Tinstall | Tcheck | Ttotal | Status | Flags |
---|---|---|---|---|---|---|
r-devel-linux-x86_64-debian-clang | 1.2.6 | 45.13 | 116.10 | 161.23 | OK | |
r-devel-linux-x86_64-debian-gcc | 1.2.6 | 42.09 | 87.30 | 129.39 | OK | |
r-devel-linux-x86_64-fedora-clang | 1.2.6 | 228.96 | NOTE | |||
r-devel-linux-x86_64-fedora-gcc | 1.2.6 | 237.60 | OK | |||
r-devel-windows-x86_64 | 1.2.6 | 51.00 | 188.00 | 239.00 | NOTE | |
r-patched-linux-x86_64 | 1.2.6 | 59.92 | 115.41 | 175.33 | OK | |
r-release-linux-x86_64 | 1.2.6 | 50.06 | 117.16 | 167.22 | OK | |
r-release-macos-arm64 | 1.2.6 | 70.00 | NOTE | |||
r-release-macos-x86_64 | 1.2.6 | 91.00 | NOTE | |||
r-release-windows-x86_64 | 1.2.6 | 51.00 | 193.00 | 244.00 | OK | |
r-oldrel-macos-arm64 | 1.2.6 | 73.00 | NOTE | |||
r-oldrel-macos-x86_64 | 1.2.6 | 150.00 | NOTE | |||
r-oldrel-windows-x86_64 | 1.2.6 | 60.00 | 217.00 | 277.00 | OK |
Version: 1.2.6
Check: installed package size
Result: NOTE
installed size is 6.2Mb
sub-directories of 1Mb or more:
libs 5.6Mb
Flavors: r-devel-linux-x86_64-fedora-clang, r-release-macos-arm64, r-release-macos-x86_64, r-oldrel-macos-arm64, r-oldrel-macos-x86_64
Version: 1.2.6
Check: Rd cross-references
Result: NOTE
Found the following Rd file(s) with Rd \link{} targets missing package
anchors:
nnet.Rd: MvnPrior
suggest.burn.Rd: SuggestBurnLogLikelihood
Please provide package anchors for all Rd \link{} targets not in the
package itself and the base packages.
Flavor: r-devel-windows-x86_64