Last updated on 2025-11-03 12:49:47 CET.
| Flavor | Version | Tinstall | Tcheck | Ttotal | Status | Flags |
|---|---|---|---|---|---|---|
| r-devel-linux-x86_64-debian-clang | 1.5.3 | 7.24 | 57.74 | 64.98 | NOTE | |
| r-devel-linux-x86_64-debian-gcc | 1.5.3 | 4.58 | 43.62 | 48.20 | NOTE | |
| r-devel-linux-x86_64-fedora-clang | 1.5.3 | 15.00 | 83.02 | 98.02 | OK | |
| r-devel-linux-x86_64-fedora-gcc | 1.5.3 | 16.00 | 79.08 | 95.08 | OK | |
| r-devel-windows-x86_64 | 1.5.3 | 7.00 | 70.00 | 77.00 | OK | |
| r-patched-linux-x86_64 | 1.5.3 | 6.75 | 54.89 | 61.64 | OK | |
| r-release-linux-x86_64 | 1.5.3 | 6.54 | 55.90 | 62.44 | OK | |
| r-release-macos-arm64 | 1.5.3 | 3.00 | 31.00 | 34.00 | OK | |
| r-release-macos-x86_64 | 1.5.3 | 5.00 | 49.00 | 54.00 | OK | |
| r-release-windows-x86_64 | 1.5.3 | 7.00 | 67.00 | 74.00 | OK | |
| r-oldrel-macos-arm64 | 1.5.3 | 3.00 | 28.00 | 31.00 | OK | |
| r-oldrel-macos-x86_64 | 1.5.3 | 5.00 | 40.00 | 45.00 | OK | |
| r-oldrel-windows-x86_64 | 1.5.3 | 10.00 | 82.00 | 92.00 | OK |
Version: 1.5.3
Check: CRAN incoming feasibility
Result: NOTE
Maintainer: ‘Ran Gao <rgao8@uic.edu>’
No Authors@R field in DESCRIPTION.
Please add one, modifying
Authors@R: c(person(given = "Gul",
family = "Inan",
role = "aut"),
person(given = "Hakan",
family = "Demirtas",
role = "aut"),
person(given = "Ran",
family = "Gao",
role = c("aut", "cre"),
email = "rgao8@uic.edu"))
as necessary.
Flavors: r-devel-linux-x86_64-debian-clang, r-devel-linux-x86_64-debian-gcc