Last updated on 2025-07-04 00:49:58 CEST.
Flavor | Version | Tinstall | Tcheck | Ttotal | Status | Flags |
---|---|---|---|---|---|---|
r-devel-linux-x86_64-debian-clang | 2.1.4 | 31.60 | 152.27 | 183.87 | NOTE | |
r-devel-linux-x86_64-debian-gcc | 2.1.4 | 23.61 | 101.17 | 124.78 | NOTE | |
r-devel-linux-x86_64-fedora-clang | 2.1.4 | 301.78 | NOTE | |||
r-devel-linux-x86_64-fedora-gcc | 2.1.4 | 283.88 | NOTE | |||
r-devel-windows-x86_64 | 2.1.4 | 32.00 | 157.00 | 189.00 | OK | |
r-patched-linux-x86_64 | 2.1.4 | 33.43 | 147.79 | 181.22 | OK | |
r-release-linux-x86_64 | 2.1.4 | 30.82 | 142.85 | 173.67 | OK | |
r-release-macos-arm64 | 2.1.4 | 77.00 | OK | |||
r-release-macos-x86_64 | 2.1.4 | 152.00 | OK | |||
r-release-windows-x86_64 | 2.1.4 | 35.00 | 155.00 | 190.00 | OK | |
r-oldrel-macos-arm64 | 2.1.4 | 66.00 | OK | |||
r-oldrel-macos-x86_64 | 2.1.4 | 108.00 | OK | |||
r-oldrel-windows-x86_64 | 2.1.4 | 44.00 | 212.00 | 256.00 | OK |
Version: 2.1.4
Check: CRAN incoming feasibility
Result: NOTE
Maintainer: ‘Polina Suter <polina.suter@gmail.com>’
No Authors@R field in DESCRIPTION.
Please add one, modifying
Authors@R: c(person(given = "Polina",
family = "Suter",
role = c("aut", "cre"),
email = "polina.suter@gmail.com"),
person(given = "Jack",
family = "Kuipers",
role = "aut"))
as necessary.
Flavors: r-devel-linux-x86_64-debian-clang, r-devel-linux-x86_64-debian-gcc
Version: 2.1.4
Check: dependencies in R code
Result: NOTE
Namespace in Imports field not imported from: ‘RBGL’
All declared Imports should be used.
Flavors: r-devel-linux-x86_64-fedora-clang, r-devel-linux-x86_64-fedora-gcc