Last updated on 2024-06-14 00:53:36 CEST.
Flavor | Version | Tinstall | Tcheck | Ttotal | Status | Flags |
---|---|---|---|---|---|---|
r-devel-linux-x86_64-debian-clang | 0.3.1 | 10.80 | 90.57 | 101.37 | OK | |
r-devel-linux-x86_64-debian-gcc | 0.3.1 | 0.38 | 1.72 | 2.10 | ERROR | |
r-devel-linux-x86_64-fedora-clang | 0.3.1 | 132.15 | OK | |||
r-devel-linux-x86_64-fedora-gcc | 0.3.1 | 125.17 | OK | |||
r-devel-windows-x86_64 | 0.3.1 | 11.00 | 80.00 | 91.00 | OK | |
r-patched-linux-x86_64 | 0.3.1 | 12.89 | 85.45 | 98.34 | OK | |
r-release-linux-x86_64 | 0.3.1 | 12.14 | 87.81 | 99.95 | OK | |
r-release-macos-arm64 | 0.3.1 | 35.00 | OK | |||
r-release-macos-x86_64 | 0.3.1 | 51.00 | OK | |||
r-release-windows-x86_64 | 0.3.1 | 11.00 | 82.00 | 93.00 | OK | |
r-oldrel-macos-arm64 | 0.3.1 | 38.00 | OK | |||
r-oldrel-macos-x86_64 | 0.3.1 | 60.00 | OK | |||
r-oldrel-windows-x86_64 | 0.3.1 | 14.00 | 95.00 | 109.00 | OK |
Version: 0.3.1
Check: package dependencies
Result: ERROR
Packages required but not available:
'viridis', 'dendextend', 'randomcoloR', 'biclust'
See section ‘The DESCRIPTION file’ in the ‘Writing R Extensions’
manual.
Flavor: r-devel-linux-x86_64-debian-gcc