Last updated on 2024-06-14 00:53:36 CEST.
Flavor | Version | Tinstall | Tcheck | Ttotal | Status | Flags |
---|---|---|---|---|---|---|
r-devel-linux-x86_64-debian-clang | 1.1-2 | 2.37 | 74.34 | 76.71 | OK | |
r-devel-linux-x86_64-debian-gcc | 1.1-2 | 0.35 | 1.85 | 2.20 | ERROR | |
r-devel-linux-x86_64-fedora-clang | 1.1-2 | 95.38 | OK | |||
r-devel-linux-x86_64-fedora-gcc | 1.1-2 | 106.62 | OK | |||
r-devel-windows-x86_64 | 1.1-2 | 4.00 | 76.00 | 80.00 | OK | |
r-patched-linux-x86_64 | 1.1-2 | 2.37 | 72.79 | 75.16 | OK | |
r-release-linux-x86_64 | 1.1-2 | 2.44 | 71.08 | 73.52 | OK | |
r-release-macos-arm64 | 1.1-2 | 42.00 | OK | |||
r-release-macos-x86_64 | 1.1-2 | 74.00 | OK | |||
r-release-windows-x86_64 | 1.1-2 | 4.00 | 80.00 | 84.00 | OK | |
r-oldrel-macos-arm64 | 1.1-2 | 38.00 | OK | |||
r-oldrel-macos-x86_64 | 1.1-2 | 69.00 | OK | |||
r-oldrel-windows-x86_64 | 1.1-2 | 4.00 | 79.00 | 83.00 | OK |
Version: 1.1-2
Check: package dependencies
Result: ERROR
Package required but not available: ‘ggplot2’
See section ‘The DESCRIPTION file’ in the ‘Writing R Extensions’
manual.
Flavor: r-devel-linux-x86_64-debian-gcc