Last updated on 2025-11-03 12:49:46 CET.
| Flavor | Version | Tinstall | Tcheck | Ttotal | Status | Flags | 
|---|---|---|---|---|---|---|
| r-devel-linux-x86_64-debian-clang | 0.1.5 | 558.81 | 196.86 | 755.67 | NOTE | |
| r-devel-linux-x86_64-debian-gcc | 0.1.5 | 510.51 | 186.03 | 696.54 | NOTE | |
| r-devel-linux-x86_64-fedora-clang | 0.1.5 | 1320.00 | -125.40 | 1194.60 | NOTE | |
| r-devel-linux-x86_64-fedora-gcc | 0.1.5 | 1680.00 | -88.23 | 1591.77 | NOTE | |
| r-devel-windows-x86_64 | 0.1.5 | 656.00 | 263.00 | 919.00 | OK | |
| r-patched-linux-x86_64 | 0.1.5 | 681.71 | 252.21 | 933.92 | OK | |
| r-release-linux-x86_64 | 0.1.5 | 705.14 | 253.17 | 958.31 | OK | |
| r-release-macos-arm64 | 0.1.5 | 234.00 | 69.00 | 303.00 | OK | |
| r-release-macos-x86_64 | 0.1.5 | 238.00 | 143.00 | 381.00 | OK | |
| r-release-windows-x86_64 | 0.1.5 | 643.00 | 248.00 | 891.00 | OK | |
| r-oldrel-macos-arm64 | 0.1.5 | 120.00 | 45.00 | 165.00 | NOTE | |
| r-oldrel-macos-x86_64 | 0.1.5 | 76.00 | 77.00 | 153.00 | NOTE | |
| r-oldrel-windows-x86_64 | 0.1.5 | 749.00 | 332.00 | 1081.00 | NOTE | 
Version: 0.1.5
Check: CRAN incoming feasibility
Result: NOTE
  Maintainer: ‘Jinhui Yang <james.yangjinhui@gmail.com>’
  
  No Authors@R field in DESCRIPTION.
  Please add one, modifying
    Authors@R: c(person(given = "Jinhui",
                        family = "Yang",
                        role = c("aut", "cre"),
                        email = "james.yangjinhui@gmail.com"),
                 person(given = "Haitao",
                        family = "Chu",
                        role = "aut"),
                 person(given = "Lifeng",
                        family = "Lin",
                        role = "aut"))
  as necessary.
Flavors: r-devel-linux-x86_64-debian-clang, r-devel-linux-x86_64-debian-gcc
Version: 0.1.5
Check: dependencies in R code
Result: NOTE
  Namespaces in Imports field not imported from:
    ‘RcppParallel’ ‘rstantools’
    All declared Imports should be used.
Flavors: r-devel-linux-x86_64-fedora-clang, r-devel-linux-x86_64-fedora-gcc
Version: 0.1.5
Check: installed package size
Result: NOTE
    installed size is 97.2Mb
    sub-directories of 1Mb or more:
      libs  96.9Mb
Flavors: r-oldrel-macos-arm64, r-oldrel-macos-x86_64, r-oldrel-windows-x86_64
Version: 0.1.5
Check: for GNU extensions in Makefiles
Result: NOTE
  GNU make is a SystemRequirements.
Flavors: r-oldrel-macos-arm64, r-oldrel-macos-x86_64, r-oldrel-windows-x86_64