CRAN Package Check Results for Package BayesPostEst

Last updated on 2025-07-03 13:48:29 CEST.

Flavor Version Tinstall Tcheck Ttotal Status Flags
r-devel-linux-x86_64-debian-clang 0.3.2 5.37 203.99 209.36 OK
r-devel-linux-x86_64-debian-gcc 0.3.2 4.56 141.81 146.37 OK
r-devel-linux-x86_64-fedora-clang 0.3.2 353.43 NOTE
r-devel-linux-x86_64-fedora-gcc 0.3.2 332.65 NOTE
r-devel-windows-x86_64 0.3.2 10.00 243.00 253.00 OK
r-patched-linux-x86_64 0.3.2 5.44 194.90 200.34 OK
r-release-linux-x86_64 0.3.2 4.95 191.06 196.01 OK
r-release-macos-arm64 0.3.2 99.00 OK
r-release-macos-x86_64 0.3.2 219.00 OK
r-release-windows-x86_64 0.3.2 11.00 235.00 246.00 OK
r-oldrel-macos-arm64 0.3.2 92.00 OK
r-oldrel-macos-x86_64 0.3.2 136.00 OK
r-oldrel-windows-x86_64 0.3.2 10.00 292.00 302.00 OK

Check Details

Version: 0.3.2
Check: dependencies in R code
Result: NOTE Namespaces in Imports field not imported from: ‘HDInterval’ ‘MCMCpack’ ‘R2WinBUGS’ ‘R2jags’ ‘carData’ ‘rjags’ All declared Imports should be used. Flavors: r-devel-linux-x86_64-fedora-clang, r-devel-linux-x86_64-fedora-gcc