Last updated on 2025-11-03 12:49:47 CET.
| Flavor | Version | Tinstall | Tcheck | Ttotal | Status | Flags |
|---|---|---|---|---|---|---|
| r-devel-linux-x86_64-debian-clang | 0.9.4 | 7.69 | 72.17 | 79.86 | NOTE | |
| r-devel-linux-x86_64-debian-gcc | 0.9.4 | 5.33 | 51.70 | 57.03 | NOTE | |
| r-devel-linux-x86_64-fedora-clang | 0.9.4 | 18.00 | 103.32 | 121.32 | OK | |
| r-devel-linux-x86_64-fedora-gcc | 0.9.4 | 17.00 | 99.84 | 116.84 | OK | |
| r-devel-windows-x86_64 | 0.9.4 | 8.00 | 77.00 | 85.00 | OK | |
| r-patched-linux-x86_64 | 0.9.4 | 7.83 | 67.80 | 75.63 | OK | |
| r-release-linux-x86_64 | 0.9.4 | 7.07 | 66.76 | 73.83 | OK | |
| r-release-macos-arm64 | 0.9.4 | 3.00 | 33.00 | 36.00 | OK | |
| r-release-macos-x86_64 | 0.9.4 | 7.00 | 60.00 | 67.00 | OK | |
| r-release-windows-x86_64 | 0.9.4 | 7.00 | 76.00 | 83.00 | OK | |
| r-oldrel-macos-arm64 | 0.9.4 | 3.00 | 32.00 | 35.00 | OK | |
| r-oldrel-macos-x86_64 | 0.9.4 | 5.00 | 48.00 | 53.00 | OK | |
| r-oldrel-windows-x86_64 | 0.9.4 | 10.00 | 97.00 | 107.00 | OK |
Version: 0.9.4
Check: CRAN incoming feasibility
Result: NOTE
Maintainer: ‘Alireza S. Mahani <alireza.s.mahani@gmail.com>’
No Authors@R field in DESCRIPTION.
Please add one, modifying
Authors@R: c(person(given = c("Alireza", "S."),
family = "Mahani",
role = c("aut", "cre"),
email = "alireza.s.mahani@gmail.com"),
person(given = c("Mansour", "T.A."),
family = "Sharabiani",
role = "aut"))
as necessary.
Flavors: r-devel-linux-x86_64-debian-clang, r-devel-linux-x86_64-debian-gcc