Last updated on 2024-07-18 01:55:27 CEST.
Flavor | Version | Tinstall | Tcheck | Ttotal | Status | Flags |
---|---|---|---|---|---|---|
r-devel-linux-x86_64-debian-clang | 1.0.2 | 271.39 | 117.08 | 388.47 | NOTE | |
r-devel-linux-x86_64-debian-gcc | 1.0.2 | 186.02 | 85.51 | 271.53 | NOTE | |
r-devel-linux-x86_64-fedora-clang | 1.0.2 | 530.56 | NOTE | |||
r-devel-linux-x86_64-fedora-gcc | 1.0.2 | 582.43 | NOTE | |||
r-devel-windows-x86_64 | 1.0.2 | 200.00 | 155.00 | 355.00 | NOTE | |
r-patched-linux-x86_64 | 1.0.2 | 231.35 | 111.04 | 342.39 | NOTE | |
r-release-linux-x86_64 | 1.0.2 | 223.37 | 112.09 | 335.46 | NOTE | |
r-release-macos-arm64 | 1.0.2 | 119.00 | NOTE | |||
r-release-macos-x86_64 | 1.0.2 | 152.00 | NOTE | |||
r-release-windows-x86_64 | 1.0.2 | 194.00 | 159.00 | 353.00 | NOTE | |
r-oldrel-macos-arm64 | 1.0.2 | 159.00 | NOTE | |||
r-oldrel-macos-x86_64 | 1.0.2 | 157.00 | NOTE | |||
r-oldrel-windows-x86_64 | 1.0.2 | 245.00 | 173.00 | 418.00 | NOTE |
Version: 1.0.2
Check: C++ specification
Result: NOTE
Specified C++11: please drop specification unless essential
Flavors: r-devel-linux-x86_64-debian-clang, r-devel-linux-x86_64-debian-gcc, r-devel-linux-x86_64-fedora-clang, r-devel-linux-x86_64-fedora-gcc, r-devel-windows-x86_64, r-patched-linux-x86_64, r-release-linux-x86_64, r-release-macos-arm64, r-release-macos-x86_64, r-release-windows-x86_64, r-oldrel-macos-arm64, r-oldrel-macos-x86_64, r-oldrel-windows-x86_64
Version: 1.0.2
Check: installed package size
Result: NOTE
installed size is 15.4Mb
sub-directories of 1Mb or more:
libs 14.1Mb
Flavors: r-release-macos-arm64, r-release-macos-x86_64, r-oldrel-macos-arm64, r-oldrel-macos-x86_64