Last updated on 2024-08-17 02:48:08 CEST.
Flavor | Version | Tinstall | Tcheck | Ttotal | Status | Flags |
---|---|---|---|---|---|---|
r-devel-linux-x86_64-debian-clang | 3.6-6 | 149.40 | 124.75 | 274.15 | OK | |
r-devel-linux-x86_64-debian-gcc | 3.6-6 | 89.12 | 86.44 | 175.56 | OK | |
r-devel-linux-x86_64-fedora-clang | 3.6-6 | 431.10 | OK | |||
r-devel-linux-x86_64-fedora-gcc | 3.6-6 | 451.00 | OK | |||
r-devel-windows-x86_64 | 3.6-6 | 117.00 | 155.00 | 272.00 | OK | |
r-patched-linux-x86_64 | 3.6-6 | 118.21 | 117.80 | 236.01 | OK | |
r-release-linux-x86_64 | 3.6-6 | 118.68 | 116.95 | 235.63 | OK | |
r-release-macos-arm64 | 3.6-6 | 64.00 | NOTE | |||
r-release-macos-x86_64 | 3.6-6 | 128.00 | NOTE | |||
r-release-windows-x86_64 | 3.6-6 | 116.00 | 152.00 | 268.00 | OK | |
r-oldrel-macos-arm64 | 3.6-6 | 70.00 | NOTE | |||
r-oldrel-macos-x86_64 | 3.6-6 | 92.00 | NOTE | |||
r-oldrel-windows-x86_64 | 3.6-6 | 149.00 | 194.00 | 343.00 | OK |
Version: 3.6-6
Check: installed package size
Result: NOTE
installed size is 9.6Mb
sub-directories of 1Mb or more:
data 1.4Mb
libs 7.7Mb
Flavors: r-release-macos-arm64, r-release-macos-x86_64, r-oldrel-macos-arm64, r-oldrel-macos-x86_64