CRAN Package Check Results for Package Ake

Last updated on 2025-07-04 00:49:57 CEST.

Flavor Version Tinstall Tcheck Ttotal Status Flags
r-devel-linux-x86_64-debian-clang 1.0.1 2.34 26.00 28.34 NOTE
r-devel-linux-x86_64-debian-gcc 1.0.2 1.77 20.05 21.82 OK
r-devel-linux-x86_64-fedora-clang 1.0.2 47.72 OK
r-devel-linux-x86_64-fedora-gcc 1.0.2 43.62 OK
r-devel-windows-x86_64 1.0.2 5.00 46.00 51.00 OK
r-patched-linux-x86_64 1.0.1 2.82 24.31 27.13 NOTE
r-release-linux-x86_64 1.0.1 1.84 24.36 26.20 NOTE
r-release-macos-arm64 1.0.1 17.00 NOTE
r-release-macos-x86_64 1.0.2 26.00 OK
r-release-windows-x86_64 1.0.1 4.00 46.00 50.00 NOTE
r-oldrel-macos-arm64 1.0.1 20.00 NOTE
r-oldrel-macos-x86_64 1.0.2 29.00 OK
r-oldrel-windows-x86_64 1.0.1 4.00 43.00 47.00 NOTE

Check Details

Version: 1.0.1
Check: CRAN incoming feasibility
Result: NOTE Maintainer: ‘W. E. Wansouwé <ericwansouwe@gmail.com>’ No Authors@R field in DESCRIPTION. Please add one, modifying Authors@R: c(person(given = c("W.", "E."), family = "Wansouwé", role = c("aut", "cre"), email = "ericwansouwe@gmail.com"), person(given = c("S.", "M."), family = "Somé", role = "aut"), person(given = c("C.", "C."), family = "Kokonendji", role = "aut")) as necessary. The URL field contains the following bad parts: www.r-project.org The URL field should be a list of URLs separated by commas or whitespace. Flavor: r-devel-linux-x86_64-debian-clang

Version: 1.0.1
Check: Rd files
Result: NOTE checkRd: (-1) plot.dke.fun.Rd:33: Lost braces; missing escapes or markup? 33 | \item{las}{ Numeric in {0,1,2,3}; the style of axis labels. | ^ Flavors: r-devel-linux-x86_64-debian-clang, r-patched-linux-x86_64, r-release-linux-x86_64, r-release-macos-arm64, r-release-windows-x86_64, r-oldrel-macos-arm64, r-oldrel-windows-x86_64