Last updated on 2025-11-03 12:49:46 CET.
| Flavor | Version | Tinstall | Tcheck | Ttotal | Status | Flags | 
|---|---|---|---|---|---|---|
| r-devel-linux-x86_64-debian-clang | 0.5 | 12.02 | 119.21 | 131.23 | NOTE | |
| r-devel-linux-x86_64-debian-gcc | 0.5 | 9.24 | 84.43 | 93.67 | NOTE | |
| r-devel-linux-x86_64-fedora-clang | 0.5 | 30.00 | 183.51 | 213.51 | OK | |
| r-devel-linux-x86_64-fedora-gcc | 0.5 | 23.00 | 186.66 | 209.66 | OK | |
| r-devel-windows-x86_64 | 0.5 | 13.00 | 128.00 | 141.00 | OK | |
| r-patched-linux-x86_64 | 0.5 | 10.52 | 111.50 | 122.02 | OK | |
| r-release-linux-x86_64 | 0.5 | 10.55 | 111.69 | 122.24 | OK | |
| r-release-macos-arm64 | 0.5 | 6.00 | 70.00 | 76.00 | OK | |
| r-release-macos-x86_64 | 0.5 | 22.00 | 112.00 | 134.00 | OK | |
| r-release-windows-x86_64 | 0.5 | 15.00 | 128.00 | 143.00 | OK | |
| r-oldrel-macos-arm64 | 0.5 | 5.00 | 52.00 | 57.00 | OK | |
| r-oldrel-macos-x86_64 | 0.5 | 11.00 | 123.00 | 134.00 | OK | |
| r-oldrel-windows-x86_64 | 0.5 | 16.00 | 162.00 | 178.00 | OK | 
Version: 0.5
Check: CRAN incoming feasibility
Result: NOTE
  Maintainer: ‘Philip Pallmann <p.pallmann@lancaster.ac.uk>’
  
  No Authors@R field in DESCRIPTION.
  Please add one, modifying
    Authors@R: person(given = "Philip",
                      family = "Pallmann",
                      role = c("aut", "cre"),
                      email = "p.pallmann@lancaster.ac.uk")
  as necessary.
  
  Package CITATION file contains call(s) to old-style personList() or
  as.personList().  Please use c() on person objects instead.
  Package CITATION file contains call(s) to old-style citEntry().  Please
  use bibentry() instead.
Flavors: r-devel-linux-x86_64-debian-clang, r-devel-linux-x86_64-debian-gcc