Last updated on 2024-07-18 01:55:25 CEST.
Flavor | Version | Tinstall | Tcheck | Ttotal | Status | Flags |
---|---|---|---|---|---|---|
r-devel-linux-x86_64-debian-clang | 2.3-3 | 85.73 | 470.03 | 555.76 | OK | |
r-devel-linux-x86_64-debian-gcc | 2.3-3 | 65.86 | 316.23 | 382.09 | OK | |
r-devel-linux-x86_64-fedora-clang | 2.3-3 | 666.20 | NOTE | |||
r-devel-linux-x86_64-fedora-gcc | 2.3-3 | 627.38 | OK | |||
r-devel-windows-x86_64 | 2.3-3 | 68.00 | 326.00 | 394.00 | NOTE | |
r-patched-linux-x86_64 | 2.3-3 | 83.46 | 436.39 | 519.85 | OK | |
r-release-linux-x86_64 | 2.3-3 | 74.17 | 440.33 | 514.50 | OK | |
r-release-macos-arm64 | 2.3-3 | 142.00 | OK | |||
r-release-macos-x86_64 | 2.3-3 | 241.00 | OK | |||
r-release-windows-x86_64 | 2.3-3 | 65.00 | 338.00 | 403.00 | OK | |
r-oldrel-macos-arm64 | 2.3-3 | 150.00 | OK | |||
r-oldrel-macos-x86_64 | 2.3-3 | 383.00 | OK | |||
r-oldrel-windows-x86_64 | 2.3-3 | 92.00 | 432.00 | 524.00 | OK |
Version: 2.3-3
Check: Rd cross-references
Result: NOTE
Undeclared packages ‘multcomp’, ‘gmodels’ in Rd xrefs
Flavor: r-devel-linux-x86_64-fedora-clang
Version: 2.3-3
Check: Rd cross-references
Result: NOTE
Found the following Rd file(s) with Rd \link{} targets missing package
anchors:
AICcmodavg-package.Rd: xtable
Please provide package anchors for all Rd \link{} targets not in the
package itself and the base packages.
Flavor: r-devel-windows-x86_64